 c. Calculate the greatest common factor of a and 78.
78
Let k(y) = -673*y - 548. Let c be k(-2). What is the greatest common divisor of c and 30?
6
Let z be 34 + 2 + -2 + -2. Suppose y = 3*y - z. Suppose 3*f + 267 = 276, -k = -4*f + 10. What is the greatest common factor of k and y?
2
Suppose 2*m - 526 = -522. Suppose m*o - 17*o = -135. Suppose w = 4*v + 13, 0 = -w + 5*v + 5 + 11. What is the highest common factor of w and o?
1
Let l be -17*(-3)/3*(9 - 4). What is the highest common divisor of l and 35?
5
Let s = -81 + 84. Suppose -2*l + 887 = h, 0*l - s*l - 2*h = -1333. Let q = l + -315. What is the highest common divisor of q and 14?
14
Let n(i) = -6*i - 3. Let t be n(-3). Let g be 9 + -6 + 2 + -2 + 20. Suppose -g*b = -34*b + 55. What is the highest common factor of t and b?
5
Let f = -3765 - -4032. Calculate the highest common divisor of f and 1513.
89
Let j(n) = 281*n + 15. Let x be j(3). What is the greatest common factor of x and 624?
78
Suppose 5*l - 15 = 10*l. Let h be (5/l)/((-1)/(-3)). Let i(k) = 9*k**2 - 3*k - 6. Let v be i(h). What is the greatest common factor of v and 26?
26
Let d(y) = -y**3 - 9*y**2 - 8*y - 2. Let o be d(-8). Let l be -2 + 1 - 50/o. Let s be 5/(80/(-24))*(3 + -5). Calculate the greatest common factor of s and l.
3
Let p = -3534 - -3574. Calculate the greatest common divisor of 1240 and p.
40
Let f = 100 + -116. Let m be -3*2 + (f - -41). Suppose 2*y = 5*d - 384, 0*y + 6 = -3*y. Calculate the highest common divisor of d and m.
19
Let v = 74 - 71. Let x be v/2 - (-975)/78. Let u be (-73)/(-5) + (-9)/15. What is the greatest common factor of x and u?
14
Let c be 5*928/80*27/6. Calculate the greatest common divisor of 928 and c.
29
Suppose 22*v + 594 = 33*v. Suppose v*z = 51*z + 384. Calculate the highest common divisor of 8 and z.
8
Suppose 825*h - 837*h + 17472 = 0. Calculate the greatest common factor of h and 4.
4
Suppose 0 = -11*d - 0*d + 2475. Let m = 1124 + -824. Calculate the highest common divisor of d and m.
75
Let n(c) = -344*c + 646. Let o be n(-6). What is the greatest common factor of o and 170?
10
Suppose -142*y + 7073 + 27 = 0. Calculate the highest common factor of y and 68.
2
Let b(u) = -5*u + 124. Let d be b(18). What is the greatest common divisor of d and 16?
2
Suppose -5*s = -0*s. Suppose s = 10*m - 21 + 1. Let x be m/4 - -22*25/20. What is the highest common factor of x and 14?
14
Let b(u) = 2*u**2 - 12*u + 12. Let n be b(9). Let f be ((-22)/3)/(5*(-1)/165). Calculate the highest common factor of f and n.
22
Let x be 1312/14 - (-2)/7. Let q = 101871 + -101542. What is the greatest common divisor of q and x?
47
Let c = 8898 + -8789. Calculate the highest common factor of c and 6976.
109
Let m(q) = -4*q**3 - 5*q**2 - 122*q - 432. Let l be m(-4). Suppose 174 = 5*j - 3*j. Calculate the greatest common factor of l and j.
29
Suppose 3*s + 4*w = 32, 2*s + 15986 = -5*w + 16005. Calculate the greatest common divisor of s and 1068.
12
Let g be ((-312)/3)/(124/(-93)). What is the greatest common divisor of g and 403?
13
Let y = -3402 + 3406. What is the highest common factor of y and 2364?
4
Let d(t) = -1315*t - 8195. Let c be d(-11). What is the greatest common factor of c and 475?
95
Suppose 391 - 3271 = -30*k. Suppose 2*r = 4*y, y + 2*y = r + 1. Suppose -r*l = l - 432. Calculate the highest common factor of k and l.
48
Suppose 0 = -4*l - 4*m + 580, -5*m + 311 = -54*l + 56*l. What is the highest common factor of 7268 and l?
46
Let s = -132 + 115. Let p(d) = -d**3 - 16*d**2 + 4*d - 23. Let n be p(s). What is the greatest common divisor of 18 and n?
18
Let p(v) = v**2 + 11*v + 16. Let b be p(-9). Let z be (0 + -3)*b/3*11. Let o = z - 12. What is the greatest common factor of o and 70?
10
Let g = 14076 - 14070. What is the greatest common factor of g and 291?
3
Suppose 4*w + 6592 = 4*c, 27*w = 2*c + 32*w - 3317. What is the highest common divisor of 254 and c?
127
Suppose 0 = -4*f - 21 + 1. Let y(o) = -42*o - 3039. Let p be y(-73). Let z be -1*p*(-6 - f). Calculate the greatest common factor of 9 and z.
9
Suppose 2*b + 268 = 2*g - b, -4*g - 3*b = -572. Let c = -5177 - -7249. Suppose 24*i = -13*i + c. Calculate the highest common factor of g and i.
28
Suppose -5*y + 2*q + 100 = 0, -2*y + 22 = -2*q - 12. What is the greatest common divisor of y and 4?
2
Let t = 4 + -3. Let w(p) = -5*p - 176. Let u be w(-36). Let l be 1650/350 + u/14. What is the greatest common divisor of l and t?
1
Let o be ((-11835)/(-2))/(-3)*272/(-170). What is the highest common factor of o and 12?
12
Let w = 318 - 311. Suppose 3*y + 3*t - 54 = 0, 64 = 4*y + 9*t - w*t. What is the highest common factor of y and 266?
14
Suppose -65*w + 46674 = 13329. What is the highest common factor of 5814 and w?
171
Let f = 7590 + -5266. Calculate the greatest common divisor of f and 28.
28
Let k be (-4)/18 - 7536/108. Let c be 4/((-5)/k*2). What is the greatest common factor of 308 and c?
28
Let d = -17211 - -17319. Calculate the greatest common factor of d and 3204.
36
Let z = 55 - 39. Let c = 20 - z. Suppose 2*o - 4*m - 28 = -0*o, -44 = -c*o + 4*m. What is the highest common factor of o and 6?
2
Let k be (66 - 1)/(14310/510 + -28). Calculate the greatest common divisor of k and 170.
85
Let k = 157 - 119. Suppose 5*h - 53 = -k. What is the highest common factor of 75 and h?
3
Let v be (8 - (60 - 7))/(9/(-16818)). Calculate the greatest common factor of v and 10.
10
Let c = 534 + -349. Suppose -j = 5*a - c, 0 = 2*a - 4*a - j + 71. What is the highest common factor of a and 722?
38
Let i be -11*((-2)/1 + 0). Let g = i + -8. Let f = -2010 - -2038. Calculate the highest common divisor of f and g.
14
Let o be 1*((-769)/(-7) + (-17)/(-119)) + 2. What is the highest common factor of 3752 and o?
56
Suppose 37 = -61*p + 342. Calculate the highest common divisor of p and 1145.
5
Suppose -2*b - 11 = 5. Let g be (-1)/b - (-1323)/168. Let v be (-386)/(-6) + 2/(-6). What is the greatest common divisor of g and v?
8
Let h(u) = 15*u**3 - 9 + 4*u + 15*u**3 + 4*u - 5*u + u - 2*u**2. Let p be h(2). Calculate the greatest common divisor of p and 42.
21
Let r be (-1*1 - 6)/(406/(-6090)). What is the highest common factor of 903 and r?
21
Suppose -2057 = -361*k + 174*k. What is the greatest common divisor of k and 40?
1
Suppose 9*i = -139 + 391. Suppose -19 = 8*w - 9*w - 4*b, -2*b = 5*w - 41. Calculate the highest common factor of w and i.
7
Let g be (242/(-3))/(11/(-165)). Let y be g/(-100)*-5 - (-2)/(-4). Calculate the greatest common divisor of 220 and y.
20
Suppose -5*w = 2*q + 2 - 175, -3*w + q = -95. Calculate the highest common factor of w and 5973.
33
Let y(u) = 3*u - 1. Let a(k) be the second derivative of k**3/6 + 5*k**2 + 12*k. Let m be a(-9). Let s be y(m). What is the greatest common divisor of 10 and s?
2
Let x be (1550/15)/((-260)/(-1872)). What is the greatest common divisor of 1104 and x?
24
Suppose 4*m = -2*j + 6, -5*m = -0*j + 3*j - 8. Let o(x) = 2*x + 12*x**2 - 185 + 90 + 93. Let b be o(j). What is the highest common divisor of 24 and b?
12
Suppose -11*b + 0 = -22. Suppose -b*c + 4*c - 230 = -5*a, -4*a = -c + 102. What is the highest common divisor of c and 10?
10
Suppose -176*q - 34*q + 203184 = -44*q. What is the greatest common divisor of 7140 and q?
204
Suppose -l - 5*o - 11 = 5, 0 = o + 4. What is the greatest common divisor of l and 50?
2
Let x be 7 - (1 - -3)/2. Suppose -2*u + k + x = 0, -5*u - 4*k + 0*k + 45 = 0. Let d = -354 - -364. Calculate the highest common divisor of d and u.
5
Let y = 20658 - 20439. Calculate the greatest common divisor of 156 and y.
3
Let u(f) = f**3 + 27*f**2 - 32*f - 116. Let y be u(-28). Let g(d) = -4*d**3 - 4*d**2 + 2*d - 7. Let s be g(y). What is the highest common factor of 3 and s?
3
Let q(j) = 5*j**2 - 4*j - 79. Let c be q(8). What is the highest common factor of c and 38?
19
Suppose 2*g + 6078 + 1798 = 4*q, 0 = -5*g - 10. What is the greatest common divisor of q and 528?
48
Suppose -72 - 158 = -5*i. Let v be (i/6)/((-1)/(-3)). Let d(n) = -n**2 + 152*n - 946. Let l be d(7). Calculate the highest common factor of l and v.
23
Suppose 9137 = 4*l - 3*r, -2298 = -l + 4*r - 6*r. Calculate the greatest common factor of l and 429.
143
Suppose -14*t + 2*t = -17004. Suppose -23*h + 6385 = t. What is the highest co